et h(f) = -5*f**3 + 12*f**2 + 11*f - 8. Let l(b) = -5*h(b) + 8*m(b). Calculate l(-3).
6
Let f be 4*-1*5/4. Let y(h) = -h**2 - 7*h - 7. What is y(f)?
3
Let u(l) = -l**2 + 5. Let y(j) = j - 1. Let b = -5 + 2. Let c(f) = b*y(f) - u(f). Calculate c(3).
-2
Let j(b) = 0 + 0 - 4*b + 0 + 3. Determine j(-3).
15
Let i(b) = 2*b**2 + 5*b + 4. Let r be i(-5). Suppose -o - 11 = -3*j, 0 = 2*j - 3*o - 2*o - r. Let y(m) = 2*m + m + 1 - 4*m**j - m + m**3. Give y(2).
-3
Suppose 0 = 5*i - 37 - 3. Suppose -2*v - i = a, -v = a + 4*a - 14. Let l(u) = u - 3. Determine l(v).
-9
Let p(g) be the second derivative of g**3/6 - g**2/2 + 48*g. Determine p(6).
5
Let d(l) = -l - 2. Let x be d(-5). Let h(c) = c - 2 + c**3 - x*c**2 - 5 + 4. Let z(y) = y**3 - 4*y**2 + 2*y - 3. Let u(v) = 4*h(v) - 3*z(v). Calculate u(-2).
-7
Suppose -z = -2 - 1. Let f(r) = r**2 - 6*r + 2. What is f(z)?
-7
Let i(g) = -2*g**3 - 2*g + 3 + 0*g**2 - 2*g**2 + 4*g**2. Suppose -2*f + 9*u = 4*u - 11, 12 = 5*f + 3*u. Suppose -f = -2*w + 1. Determine i(w).
-9
Suppose 11 = -5*m + 36. Let q(b) = -4*b**2 + 7. Let f(j) = -7*j**2 + j + 13. Let a(k) = m*q(k) - 3*f(k). Determine a(4).
0
Let n(z) be the second derivative of z**7/2520 + z**6/360 - z**5/60 + z**4/6 - 2*z. Let t(b) be the third derivative of n(b). Give t(-4).
6
Let p = -51 - -54. Let v(y) = y**2 - 3*y + 2. What is v(p)?
2
Let a(x) = x**3 + x. Let v(c) = -3*c**3 - 5*c**2 - 2*c + 2. Let n(o) = 2*a(o) + v(o). Let g(p) = -p**2 - 5*p - 5. Let t be g(-5). Calculate n(t).
2
Let s be (-1)/(4*(-4)/(-16)). Let g(x) = -2*x. Let y(q) = q. Let o(n) = s*y(n) - g(n). Give o(-1).
-1
Let m(k) = -2*k**3 + 10*k**2 - 15*k + 11. Let l(q) = -q**3 + 5*q**2 - 7*q + 5. Let i(o) = -5*l(o) + 2*m(o). Calculate i(3).
-6
Let n(h) = -20*h**3 - 15*h**2 + 35*h + 44. Let z(g) = 7*g**3 + 5*g**2 - 12*g - 15. Let p(v) = -6*n(v) - 17*z(v). Determine p(-6).
-9
Suppose -6*a + 8 = -4. Let l(o) = 2*o - 3. What is l(a)?
1
Let g(r) = r + 30. Let y = -14 + 14. What is g(y)?
30
Let r(d) = 7*d - 2. Let v(f) be the third derivative of -f**4/24 + 4*f**2. Let o(m) = -r(m) - 6*v(m). Calculate o(5).
-3
Let o(p) be the second derivative of -p**4/12 + p**3/3 - 3*p**2/2 - p. Let v = 557 + -554. Calculate o(v).
-6
Let z be -3 - (-1 - 1/1). Let b = z + 6. Suppose -b*h + 17 = -5*v - 2*h, -4 = 4*h. Let u(q) = q - 4. Give u(v).
-8
Let n(r) = -1. Let w(z) = -2*z + 3. Let f(h) = -4*n(h) - w(h). Determine f(-1).
-1
Let q(r) = -r**3 + r**2 - r - 1. Let m(z) = -z**3 - 2*z**2 - 7*z. Let j(g) = -m(g) + 2*q(g). Calculate j(5).
-2
Let m be 2/(-4) - 805/(-10). Suppose -m = -j - 3*j. Suppose l - 7 = -4*t - 2, -4*l = -j. Let a(b) = -b**2 - 2. Determine a(t).
-2
Let z(h) = h**2 - 7*h. Let g(q) = -2*q**2 + 6*q - 1. Let s(i) = -2*g(i) - 3*z(i). Let w(a) = a**3 + 4*a**2 + 2*a. Let u be w(-4). Determine s(u).
-6
Let x(n) = n - 1. Let l be (6/(-4))/(12/32). Give x(l).
-5
Let y(c) = 3*c**2 + 8*c + 5. Let g(o) = -4*o**2 - 9*o - 5. Let f(l) = -2*g(l) - 3*y(l). Give f(-5).
0
Suppose -3*p = 5*b - 29, b - 3*p + 2 = -3. Let r(l) = -l**2 + 4*l + 5. Calculate r(b).
5
Let l(u) be the first derivative of -4*u**3/3 + u**2 + 2*u + 7. Determine l(3).
-28
Let m(l) = l**2 + 11*l + 29. Let v be m(-5). Let i(k) = -17*k**2 + 2*k + 1. Determine i(v).
-18
Let w(l) = 1. Let y(g) = -g**2 + 3*g - 4. Let q(s) = -2*w(s) - y(s). Let b(j) = -j**2 + j. Let f be -2*((-2)/1 - -3). Let t(r) = f*b(r) - q(r). Determine t(0).
-2
Let k(z) = z**3 + 6*z**2 + 6*z + 7. Let h be k(-5). Let t(v) = -3*v**2 - 3*v. Let m(g) = -g**2 - g. Let b(x) = -17*m(x) + 6*t(x). Give b(h).
-6
Suppose 5*c + 5 = -5*l, 3*c + 1 = -2*l - 1. Let z be (-1 - l) + (-36)/6. Let q(d) = 2*d + 9. Give q(z).
-3
Let r(t) = -4*t - 2. Suppose -2*o + 55 = -5*n, -5*n - 38 = o + 2. Let w(p) = p**3 + 9*p**2 - p - 11. Let m be w(n). What is r(m)?
6
Let c(h) = 0*h + h - 2*h**2 - 2*h - 4*h**2. Determine c(-1).
-5
Let n(g) = -g + 14. Let f be n(18). Let a(m) = -2*m**2 - 5*m + 4. Give a(f).
-8
Let r(d) be the third derivative of d**4/12 + d**3/6 - 4*d**2. What is r(-1)?
-1
Let o(y) = -3*y**3 - 2*y**2 + 2*y - 19. Let a(u) = -u**3 - u**2 + u - 10. Let c(v) = 5*a(v) - 2*o(v). What is c(0)?
-12
Let u(s) = s**3 + 6*s**2 + 4*s - 4. Let y be u(-5). Let a be (y - 12/9)*3. Let k(t) = -t + 1. Let o(i) = -4*i - 5. Let q(n) = 4*k(n) + o(n). Determine q(a).
7
Let x(h) = 7*h + 8. Let l(p) = -p - 1. Let r(u) = -5*l(u) - x(u). Calculate r(4).
-11
Let d(i) = i**3 - 6*i**2 + 7*i - 5. Suppose 6*r = r + 25. Give d(r).
5
Let q(u) = u**2 - 12*u - 11. Let w be q(13). Let d(z) = z - 2. Calculate d(w).
0
Let g(h) be the second derivative of 7/20*h**5 - 1/2*h**2 + 0*h**3 + 0*h**4 + 0 + 4*h. Calculate g(1).
6
Let s(r) = r**3 - 6*r**2 + 7*r - 2. Let u = -18 + 23. Give s(u).
8
Let z(h) = -6*h + 1. Suppose -2*x = 3*w - 2 + 19, -2*w - 8 = -2*x. Let u be -6 + (-2 - -1) - 0. Let l = w - u. Determine z(l).
-11
Let o = -5 + 8. Suppose -g = -4*x - 3, 2*g + 9 = -4*x - o*g. Let j(d) = -1 + 3*d + 3*d - 4*d. Determine j(x).
-3
Let r(c) be the first derivative of c**4/4 + 8*c**3/3 - 11*c**2/2 - 12*c + 18. Give r(-9).
6
Let t(x) = -x**3 - x**2 + 4*x + 2. Suppose -2*h + 4*h - 8 = 0. Suppose -m = -5*n + 7 + 6, -h*m - 2*n - 8 = 0. Determine t(m).
8
Let s(b) = b + 3. Let x(o) = -o**3 + 12*o**2 + 13*o + 6. Let q be x(13). Calculate s(q).
9
Let v(d) = -98 + d**3 + 9*d**2 + 51 + 57. Determine v(-9).
10
Let c(t) = t + 4. Let d = 20 + -30. Give c(d).
-6
Let h(p) = -3*p - 5 - 3 + 9 + 0*p. Give h(-3).
10
Let s(k) = -k + k**3 - 4*k - 1 + 5*k + 5*k. Let y(v) = v**3 + v**2 + 4*v. Let x(i) = -3*s(i) + 4*y(i). Determine x(-4).
-1
Let d(w) = 5*w. Suppose -2*p = 3*p - 50. Suppose -2*b + p = u - 3*b, -4*u = -2*b - 30. Let i = 6 - u. Give d(i).
5
Let u(r) be the third derivative of -r**4/12 - 2*r**3/3 + 6*r**2. Let n(l) = -l**2 - l + 2. Let p = 3 - 1. Let s be n(p). Determine u(s).
4
Let t(y) be the third derivative of 11/120*y**6 + 5*y**2 + 1/6*y**3 + 0*y + 0*y**5 + 0 + 0*y**4. Determine t(1).
12
Let n = -68 + 68. Let z(q) be the second derivative of 1/4*q**4 + 0 + 2*q + n*q**2 - 1/6*q**3 - 1/20*q**5. Give z(2).
2
Let q(h) = -h + 1. Let f = 73 + -49. Suppose 0*t - 4*t + f = 0. Determine q(t).
-5
Let a(k) = k**2 - 13*k - 2. Let y be a(13). Let h(p) = 4*p + p**2 + 0*p**2 + 0*p**2. Give h(y).
-4
Let u(w) = -w**3 + 2*w**2 + 3*w - 3. Let i be u(2). Let m(o) be the first derivative of i*o**2 + 1/3*o**3 - 4*o - 2. What is m(-5)?
-9
Let s(x) be the third derivative of -5*x**2 + 1/60*x**5 + 1/3*x**3 + 5/24*x**4 + 0*x + 0. Calculate s(-6).
8
Let l = 6 - 3. Suppose -8 = -l*n + 7. Let v(f) = -n*f + f + f**2 + 4 + 1. Give v(4).
5
Let x = 2 + -2. Suppose 0*n + 2*n + 2 = x. Let u(t) be the third derivative of -t**6/120 - t**5/30 + t**3/6 + t**2. Give u(n).
0
Let d be (-4)/10 - (-366)/15. Suppose 5 = 5*l - u, 0 = 4*l + 5*u - d - 9. Let f be (-1 + l)/1*5. Let x(t) = t**3 - 6*t**2 + 7*t - 5. Calculate x(f).
5
Let q(l) = 1 - 4 + 2 + l**2. What is q(-3)?
8
Let y(o) = 2*o**2 + 4*o + 1. Let u = 28 - 31. What is y(u)?
7
Let w(u) be the first derivative of 3*u**2 + 2*u + 19. Give w(-2).
-10
Let s(w) = 2*w + 10. Let l(g) = -g. Let c be l(7). What is s(c)?
-4
Let h(m) = 7*m + 1 - 2*m - 6*m. Determine h(-8).
9
Let y(j) = 3*j**2 + 0 - 2 - 4*j + 3*j + 3. What is y(1)?
3
Let x(t) = -4*t + 3. Let m(o) = -5*o + 4. Let i(h) = -3*m(h) + 4*x(h). Give i(9).
-9
Let z(w) = -w**2 + 8*w - 12. Suppose -y - 7 = -3*y - 5*k, 3*y - 3*k - 21 = 0. Calculate z(y).
0
Let s(g) = g**3 + 5 + 5*g**2 + 3 + 5 - 19 - 8*g. What is s(-6)?
6
Let x(k) = k + 1. Let i(a) = a**3 - 6*a + 4*a**2 + 3*a**2 + 1 + 1 - 2*a**2. Let m be i(-6). Determine x(m).
3
Let l be 76/18 - 6/27. Let i(v) = v**3 - 6*v**2 + 5*v + 4. Determine i(l).
-8
Let f(s) = -5*s - 1. Let k(w) = 4*w. Let n = -2 - -14. Suppose 0*a + n = 3*a. Let b(u) = a*k(u) + 3*f(u). Determine b(-4).
-7
Let h = -2 + 4. Let q be -2 + (-1 + h)*3. Let n(t) = 3*t + 3 + q - 4. Calculate n(2).
6
Let k(p) = -p**3 - 6*p**2 - 4*p + 1. Let i be (6 - 2) + -7*1. What is k(i)?
-14
Let s(i) = i**3 - 2*i**2 + 2*i. Let f(c) = -c**3 - c**2 + 2*c + 2. Let l be f(-2). Give s(l).
4
Suppose -3*o - 9 = -3*w + 9, -5*w = 3*o - 6. Let d = o + 8. Let m(y) = -5*y + d*y - 4 + y. What is m(3)?
-1
Let h(f) = 11*f**2 - 3*f + 1. Let s(b) = 12*b**2 - 4*b + 1. Let w(r) = 4*h(r) - 3*s(r). Determine w(1).
9
Let 